{"id":118,"date":"2024-02-29T22:25:51","date_gmt":"2024-02-29T22:25:51","guid":{"rendered":"https:\/\/mfmetalurgica.pt\/canal-de-denuncias\/?page_id=118"},"modified":"2024-03-01T14:10:50","modified_gmt":"2024-03-01T14:10:50","slug":"sobre-o-canal-de-denuncias","status":"publish","type":"page","link":"https:\/\/mfmetalurgica.pt\/canal-de-denuncias\/sobre-o-canal-de-denuncias\/","title":{"rendered":"Sobre o Canal de Den\u00fancias"},"content":{"rendered":"\t\t<div data-elementor-type=\"wp-page\" data-elementor-id=\"118\" class=\"elementor elementor-118\" data-elementor-post-type=\"page\">\n\t\t\t\t<div class=\"elementor-element elementor-element-52a1394 e-flex e-con-boxed e-con e-parent\" data-id=\"52a1394\" data-element_type=\"container\" data-settings=\"{&quot;background_background&quot;:&quot;classic&quot;,&quot;content_width&quot;:&quot;boxed&quot;}\" data-core-v316-plus=\"true\">\n\t\t\t\t\t<div class=\"e-con-inner\">\n\t\t\t\t<div class=\"elementor-element elementor-element-d18cbfe elementor-widget elementor-widget-heading\" data-id=\"d18cbfe\" data-element_type=\"widget\" data-widget_type=\"heading.default\">\n\t\t\t\t<div class=\"elementor-widget-container\">\n\t\t\t<style>\/*! elementor - v3.19.0 - 28-02-2024 *\/\n.elementor-heading-title{padding:0;margin:0;line-height:1}.elementor-widget-heading .elementor-heading-title[class*=elementor-size-]>a{color:inherit;font-size:inherit;line-height:inherit}.elementor-widget-heading .elementor-heading-title.elementor-size-small{font-size:15px}.elementor-widget-heading .elementor-heading-title.elementor-size-medium{font-size:19px}.elementor-widget-heading .elementor-heading-title.elementor-size-large{font-size:29px}.elementor-widget-heading .elementor-heading-title.elementor-size-xl{font-size:39px}.elementor-widget-heading .elementor-heading-title.elementor-size-xxl{font-size:59px}<\/style><h2 class=\"elementor-heading-title elementor-size-default\">Sobre o Canal de Den\u00fancias<\/h2>\t\t<\/div>\n\t\t\t\t<\/div>\n\t\t\t\t\t<\/div>\n\t\t\t\t<\/div>\n\t\t<div class=\"elementor-element elementor-element-88b7fc3 e-flex e-con-boxed e-con e-parent\" data-id=\"88b7fc3\" data-element_type=\"container\" data-settings=\"{&quot;content_width&quot;:&quot;boxed&quot;}\" data-core-v316-plus=\"true\">\n\t\t\t\t\t<div class=\"e-con-inner\">\n\t\t<div class=\"elementor-element elementor-element-4f7ff8b e-flex e-con-boxed e-con e-child\" data-id=\"4f7ff8b\" data-element_type=\"container\" data-settings=\"{&quot;content_width&quot;:&quot;boxed&quot;}\">\n\t\t\t\t\t<div class=\"e-con-inner\">\n\t\t\t\t<div class=\"elementor-element elementor-element-b9c630f elementor-widget elementor-widget-text-editor\" data-id=\"b9c630f\" data-element_type=\"widget\" data-widget_type=\"text-editor.default\">\n\t\t\t\t<div class=\"elementor-widget-container\">\n\t\t\t<style>\/*! elementor - v3.19.0 - 28-02-2024 *\/\n.elementor-widget-text-editor.elementor-drop-cap-view-stacked .elementor-drop-cap{background-color:#69727d;color:#fff}.elementor-widget-text-editor.elementor-drop-cap-view-framed .elementor-drop-cap{color:#69727d;border:3px solid;background-color:transparent}.elementor-widget-text-editor:not(.elementor-drop-cap-view-default) .elementor-drop-cap{margin-top:8px}.elementor-widget-text-editor:not(.elementor-drop-cap-view-default) .elementor-drop-cap-letter{width:1em;height:1em}.elementor-widget-text-editor .elementor-drop-cap{float:left;text-align:center;line-height:1;font-size:50px}.elementor-widget-text-editor .elementor-drop-cap-letter{display:inline-block}<\/style>\t\t\t\t<div class=\"field field--name-field-top-region field--type-entity-reference-revisions field--label-hidden field--items\">\n<div class=\"field--item\">\n<div id=\"46763331\" class=\"ah-title-large simple-heading paragraph paragraph--type--simple-heading-a paragraph--view-mode--default\">\n<div class=\"content-area\">\n<div class=\"wow fadeInUp field field--name-field-subtitle field--type-string field--label-hidden field--item\" data-wow-duration=\"0.8s\" data-wow-delay=\"0.5s\">\n<p>O sistema de reporte de den\u00fancias da Metalurgica Figueirense Lda foi estabelecido em conformidade com a legisla\u00e7\u00e3o vigente e melhores pr\u00e1ticas corporativas, refletindo os valores da empresa expressos em seu C\u00f3digo de Conduta, especialmente os princ\u00edpios de transpar\u00eancia e \u00e9tica.<\/p>\n<p>Este sistema visa facilitar a identifica\u00e7\u00e3o de poss\u00edveis irregularidades, infra\u00e7\u00f5es ou suspeitas concretas ou potenciais, passadas ou futuras.<\/p>\n<p>Lembramos que, para estar eleg\u00edvel ao regime de prote\u00e7\u00e3o de denunciantes conforme previsto pela Lei n.\u00ba 93\/2021, de 20 de dezembro, a den\u00fancia deve se referir a uma infra\u00e7\u00e3o relacionada aos seguintes assuntos:<\/p>\n<p>&#8211; Contrata\u00e7\u00e3o p\u00fablica<br \/>\n&#8211; Servi\u00e7os, produtos e mercados financeiros, preven\u00e7\u00e3o de lavagem de dinheiro, financiamento ao terrorismo<br \/>\n&#8211; Seguran\u00e7a e conformidade de produtos<br \/>\n&#8211; Seguran\u00e7a dos transportes<br \/>\n&#8211; Prote\u00e7\u00e3o ambiental<br \/>\n&#8211; Prote\u00e7\u00e3o contra radia\u00e7\u00f5es e seguran\u00e7a nuclear<br \/>\n&#8211; Seguran\u00e7a alimentar humana e animal, sa\u00fade e bem-estar animal<br \/>\n&#8211; Sa\u00fade p\u00fablica<br \/>\n&#8211; Defesa do consumidor<br \/>\n&#8211; Prote\u00e7\u00e3o da privacidade e dados pessoais, seguran\u00e7a de redes e sistemas de informa\u00e7\u00e3o<\/p>\n<p>Para mais informa\u00e7\u00f5es, consulte a lista de atos identificados no anexo I da Diretiva 2019\/1937 do Parlamento Europeu e do Conselho, de 23 de outubro de 2019, sobre a prote\u00e7\u00e3o de pessoas que denunciam viola\u00e7\u00f5es do direito da Uni\u00e3o.<\/p>\n<\/div>\n<\/div>\n<\/div>\n<\/div>\n<\/div>\n\t\t\t\t\t\t<\/div>\n\t\t\t\t<\/div>\n\t\t\t\t\t<\/div>\n\t\t\t\t<\/div>\n\t\t<div class=\"elementor-element elementor-element-ca8f1f5 e-con-full e-flex e-con e-child\" data-id=\"ca8f1f5\" data-element_type=\"container\" data-settings=\"{&quot;content_width&quot;:&quot;full&quot;}\">\n\t\t\t\t<div class=\"elementor-element elementor-element-8761df8 elementor-widget elementor-widget-jet-accordion\" data-id=\"8761df8\" data-element_type=\"widget\" data-widget_type=\"jet-accordion.default\">\n\t\t\t\t<div class=\"elementor-widget-container\">\n\t\t\t\t\t<div class=\"jet-accordion\" data-settings=\"{&quot;collapsible&quot;:false,&quot;ajaxTemplate&quot;:false,&quot;switchScrolling&quot;:false,&quot;switchScrollingOffset&quot;:0,&quot;switchScrollingDelay&quot;:500}\">\n\t\t\t<div class=\"jet-accordion__inner\">\n\t\t\t\t<div class=\"jet-accordion__item jet-toggle jet-toggle-move-up-effect \">\n\t\t\t\t\t\t\t<div id=\"jet-toggle-control-1411\" class=\"jet-toggle__control elementor-menu-anchor\" data-toggle=\"1\" role=\"button\" tabindex=\"0\" aria-controls=\"jet-toggle-content-1411\" aria-expanded=\"false\" data-template-id=\"false\">\n\t\t\t\t\t\t\t\t<div class=\"jet-toggle__label-text\">Princ\u00edpios e prote\u00e7\u00e3o do denunciante<\/div>\t\t\t\t\t\t\t<\/div>\n\t\t\t\t\t\t\t<div id=\"jet-toggle-content-1411\" class=\"jet-toggle__content\" data-toggle=\"1\" role=\"region\" data-template-id=\"false\">\n\t\t\t\t\t\t\t\t<div class=\"jet-toggle__content-inner\"><p>Asseguramos a independ\u00eancia, imparcialidade, confidencialidade, prote\u00e7\u00e3o de dados, sigilo e a aus\u00eancia de conflitos de interesses no tratamento e an\u00e1lise das den\u00fancias recebidas.<\/p><p>Em qualquer circunst\u00e2ncia, o denunciante \u00e9 protegido contra retalia\u00e7\u00f5es de qualquer natureza. \u00c9 poss\u00edvel fazer uma den\u00fancia an\u00f3nima, conforme permitido por lei.<\/p><\/div>\n\t\t\t\t\t\t\t<\/div>\n\t\t\t\t\t\t<\/div><div class=\"jet-accordion__item jet-toggle jet-toggle-move-up-effect \">\n\t\t\t\t\t\t\t<div id=\"jet-toggle-control-1412\" class=\"jet-toggle__control elementor-menu-anchor\" data-toggle=\"2\" role=\"button\" tabindex=\"0\" aria-controls=\"jet-toggle-content-1412\" aria-expanded=\"false\" data-template-id=\"false\">\n\t\t\t\t\t\t\t\t<div class=\"jet-toggle__label-text\">teste<\/div>\t\t\t\t\t\t\t<\/div>\n\t\t\t\t\t\t\t<div id=\"jet-toggle-content-1412\" class=\"jet-toggle__content\" data-toggle=\"2\" role=\"region\" data-template-id=\"false\">\n\t\t\t\t\t\t\t\t<div class=\"jet-toggle__content-inner\">teste 2<\/div>\n\t\t\t\t\t\t\t<\/div>\n\t\t\t\t\t\t<\/div>\t\t\t\t\t\t\t\t<\/div>\n\t\t<\/div>\n\t\t\t\t<\/div>\n\t\t\t\t<\/div>\n\t\t\t\t<div class=\"elementor-element elementor-element-9b3bbc8 elementor-widget elementor-widget-text-editor\" data-id=\"9b3bbc8\" data-element_type=\"widget\" data-widget_type=\"text-editor.default\">\n\t\t\t\t<div class=\"elementor-widget-container\">\n\t\t\t\t\t\t\t<div class=\"field field--name-field-top-region field--type-entity-reference-revisions field--label-hidden field--items\"><div class=\"field--item\"><div id=\"46763331\" class=\"ah-title-large simple-heading paragraph paragraph--type--simple-heading-a paragraph--view-mode--default\"><div class=\"content-area\"><div class=\"wow fadeInUp field field--name-field-subtitle field--type-string field--label-hidden field--item\" data-wow-duration=\"0.8s\" data-wow-delay=\"0.5s\"><p>Para apresentar uma den\u00fancia, dever\u00e1 preencher o formul\u00e1rio disponibilizado\u00a0<a href=\"\/canal-de-denuncias\">aqui<\/a>.<\/p><p>Para consultar o estado de uma den\u00fancia previamente submetida,\u00a0<a href=\"\/canal-de-denuncias\/login\">clique aqui<\/a>.<\/p><\/div><\/div><\/div><\/div><\/div>\t\t\t\t\t\t<\/div>\n\t\t\t\t<\/div>\n\t\t\t\t<\/div>\n\t\t\t\t\t<\/div>\n\t\t\t\t<\/div>\n\t\t\t\t<\/div>\n\t\t","protected":false},"excerpt":{"rendered":"<p>Princ\u00edpios e prote\u00e7\u00e3o do denunciante {&#8220;url&#8221;:false,&#8221;id&#8221;:&#8221;{&#8220;url&#8221;:false&#8221;} Quem se considera denunciante {&#8220;url&#8221;:false,&#8221;id&#8221;:&#8221;{&#8220;url&#8221;:false&#8221;} Quem pode apresentar uma den\u00fancia {&#8220;url&#8221;:false,&#8221;id&#8221;:&#8221;&#8221;id&#8221;:&#8221;{&#8220;url&#8221;:false&#8221;}&#8221;} Responsabilidade de gest\u00e3o da den\u00fancia {&#8220;url&#8221;:false,&#8221;id&#8221;:&#8221;{&#8220;url&#8221;:false&#8221;} Den\u00fancias An\u00f3nimas {&#8220;url&#8221;:false,&#8221;id&#8221;:&#8221;{&#8220;url&#8221;:false&#8221;} \u00c2mbito {&#8220;url&#8221;:false,&#8221;id&#8221;:&#8221;{&#8220;url&#8221;:false&#8221;} Prote\u00e7\u00e3o de Dados Pessoais {&#8220;url&#8221;:false,&#8221;id&#8221;:&#8221;{&#8220;url&#8221;:false&#8221;} Para apresentar uma den\u00fancia, dever\u00e1 preencher o formul\u00e1rio disponibilizado\u00a0aqui. Para consultar o estado de uma den\u00fancia previamente submetida,\u00a0clique aqui.<\/p>\n","protected":false},"author":1,"featured_media":0,"parent":0,"menu_order":0,"comment_status":"closed","ping_status":"closed","template":"","meta":{"footnotes":""},"_links":{"self":[{"href":"https:\/\/mfmetalurgica.pt\/canal-de-denuncias\/wp-json\/wp\/v2\/pages\/118"}],"collection":[{"href":"https:\/\/mfmetalurgica.pt\/canal-de-denuncias\/wp-json\/wp\/v2\/pages"}],"about":[{"href":"https:\/\/mfmetalurgica.pt\/canal-de-denuncias\/wp-json\/wp\/v2\/types\/page"}],"author":[{"embeddable":true,"href":"https:\/\/mfmetalurgica.pt\/canal-de-denuncias\/wp-json\/wp\/v2\/users\/1"}],"replies":[{"embeddable":true,"href":"https:\/\/mfmetalurgica.pt\/canal-de-denuncias\/wp-json\/wp\/v2\/comments?post=118"}],"version-history":[{"count":22,"href":"https:\/\/mfmetalurgica.pt\/canal-de-denuncias\/wp-json\/wp\/v2\/pages\/118\/revisions"}],"predecessor-version":[{"id":318,"href":"https:\/\/mfmetalurgica.pt\/canal-de-denuncias\/wp-json\/wp\/v2\/pages\/118\/revisions\/318"}],"wp:attachment":[{"href":"https:\/\/mfmetalurgica.pt\/canal-de-denuncias\/wp-json\/wp\/v2\/media?parent=118"}],"curies":[{"name":"wp","href":"https:\/\/api.w.org\/{rel}","templated":true}]}}